{"id":1187,"date":"2013-01-20T20:34:51","date_gmt":"2013-01-20T19:34:51","guid":{"rendered":"http:\/\/bde.insa-lyon.fr\/gala\/?page_id=1187"},"modified":"2026-01-02T19:30:12","modified_gmt":"2026-01-02T18:30:12","slug":"ceremonie-de-remise-des-diplomes","status":"publish","type":"page","link":"https:\/\/gala.bde-insa-lyon.fr\/?page_id=1187","title":{"rendered":"C\u00c9R\u00c9MONIE EN L&rsquo;HONNEUR DES DIPL\u00d4M\u00c9S"},"content":{"rendered":"\t\t<div data-elementor-type=\"wp-page\" data-elementor-id=\"1187\" class=\"elementor elementor-1187\">\n\t\t\t\t\t\t<section class=\"elementor-section elementor-top-section elementor-element elementor-element-387e170 elementor-section-boxed elementor-section-height-default elementor-section-height-default\" data-id=\"387e170\" data-element_type=\"section\" data-e-type=\"section\">\n\t\t\t\t\t\t<div class=\"elementor-container elementor-column-gap-default\">\n\t\t\t\t\t<div class=\"elementor-column elementor-col-100 elementor-top-column elementor-element elementor-element-e613272\" data-id=\"e613272\" data-element_type=\"column\" data-e-type=\"column\">\n\t\t\t<div class=\"elementor-widget-wrap elementor-element-populated\">\n\t\t\t\t\t\t<div class=\"elementor-element elementor-element-599082d elementor-widget elementor-widget-heading\" data-id=\"599082d\" data-element_type=\"widget\" data-e-type=\"widget\" data-widget_type=\"heading.default\">\n\t\t\t\t<div class=\"elementor-widget-container\">\n\t\t\t\t\t<h2 class=\"elementor-heading-title elementor-size-default\">C\u00e9r\u00e9monie en l'Honneur des Dipl\u00f4m\u00e9s<\/h2>\t\t\t\t<\/div>\n\t\t\t\t<\/div>\n\t\t\t\t\t<\/div>\n\t\t<\/div>\n\t\t\t\t\t<\/div>\n\t\t<\/section>\n\t\t\t\t<section class=\"elementor-section elementor-top-section elementor-element elementor-element-7c13283e elementor-section-boxed elementor-section-height-default elementor-section-height-default\" data-id=\"7c13283e\" data-element_type=\"section\" data-e-type=\"section\">\n\t\t\t\t\t\t<div class=\"elementor-container elementor-column-gap-default\">\n\t\t\t\t\t<div class=\"elementor-column elementor-col-100 elementor-top-column elementor-element elementor-element-71999de9\" data-id=\"71999de9\" data-element_type=\"column\" data-e-type=\"column\">\n\t\t\t<div class=\"elementor-widget-wrap elementor-element-populated\">\n\t\t\t\t\t\t<div class=\"elementor-element elementor-element-3821c667 elementor-widget elementor-widget-text-editor\" data-id=\"3821c667\" data-element_type=\"widget\" data-e-type=\"widget\" data-widget_type=\"text-editor.default\">\n\t\t\t\t<div class=\"elementor-widget-container\">\n\t\t\t\t\t\t\t\t\t<p><span style=\"color: #000000;\"><strong> La C\u00e9r\u00e9monie en l&rsquo;Honneur des dipl\u00f4m\u00e9s aura lieu le 27 mars 2026 \u00e0 l&rsquo;Amphith\u00e9\u00e2tre 3000 de la Cit\u00e9 Internationale. Ce sera l\u2019occasion pour l\u2019INSA Lyon de f\u00e9liciter les dipl\u00f4m\u00e9s 2026.<\/strong><\/span><span style=\"color: #000000; font-size: 16px; letter-spacing: 0.2px; background-color: inherit; text-align: inherit;\"><br \/><\/span><\/p><p><span style=\"color: #000000; background-color: inherit; text-align: inherit;\">Pour en savoir plus sur la C\u00e9r\u00e9monie en l&rsquo;Honneur des dipl\u00f4m\u00e9s, reportez-vous aux emails envoy\u00e9s par la direction de la communication de l&rsquo;INSA.<\/span><\/p><p><span style=\"color: #000000; background-color: inherit; text-align: inherit;\">Pour toute question, contactez : dircom@insa-lyon.fr<\/span><\/p>\t\t\t\t\t\t\t\t<\/div>\n\t\t\t\t<\/div>\n\t\t\t\t\t<\/div>\n\t\t<\/div>\n\t\t\t\t\t<\/div>\n\t\t<\/section>\n\t\t\t\t<section class=\"elementor-section elementor-top-section elementor-element elementor-element-34d6b24 elementor-section-boxed elementor-section-height-default elementor-section-height-default\" data-id=\"34d6b24\" data-element_type=\"section\" data-e-type=\"section\">\n\t\t\t\t\t\t<div class=\"elementor-container elementor-column-gap-default\">\n\t\t\t\t\t<div class=\"elementor-column elementor-col-100 elementor-top-column elementor-element elementor-element-0d568dc\" data-id=\"0d568dc\" data-element_type=\"column\" data-e-type=\"column\">\n\t\t\t<div class=\"elementor-widget-wrap elementor-element-populated\">\n\t\t\t\t\t\t<div class=\"elementor-element elementor-element-19dc478 elementor-widget elementor-widget-spacer\" data-id=\"19dc478\" data-element_type=\"widget\" data-e-type=\"widget\" data-widget_type=\"spacer.default\">\n\t\t\t\t<div class=\"elementor-widget-container\">\n\t\t\t\t\t\t\t<div class=\"elementor-spacer\">\n\t\t\t<div class=\"elementor-spacer-inner\"><\/div>\n\t\t<\/div>\n\t\t\t\t\t\t<\/div>\n\t\t\t\t<\/div>\n\t\t\t\t<div class=\"elementor-element elementor-element-2be731c elementor-widget elementor-widget-spacer\" data-id=\"2be731c\" data-element_type=\"widget\" data-e-type=\"widget\" data-widget_type=\"spacer.default\">\n\t\t\t\t<div class=\"elementor-widget-container\">\n\t\t\t\t\t\t\t<div class=\"elementor-spacer\">\n\t\t\t<div class=\"elementor-spacer-inner\"><\/div>\n\t\t<\/div>\n\t\t\t\t\t\t<\/div>\n\t\t\t\t<\/div>\n\t\t\t\t<div class=\"elementor-element elementor-element-972536c elementor-widget elementor-widget-spacer\" data-id=\"972536c\" data-element_type=\"widget\" data-e-type=\"widget\" data-widget_type=\"spacer.default\">\n\t\t\t\t<div class=\"elementor-widget-container\">\n\t\t\t\t\t\t\t<div class=\"elementor-spacer\">\n\t\t\t<div class=\"elementor-spacer-inner\"><\/div>\n\t\t<\/div>\n\t\t\t\t\t\t<\/div>\n\t\t\t\t<\/div>\n\t\t\t\t<div class=\"elementor-element elementor-element-faadad4 elementor-widget elementor-widget-image\" data-id=\"faadad4\" data-element_type=\"widget\" data-e-type=\"widget\" data-widget_type=\"image.default\">\n\t\t\t\t<div class=\"elementor-widget-container\">\n\t\t\t\t\t\t\t\t\t\t\t\t\t\t\t<img fetchpriority=\"high\" decoding=\"async\" width=\"768\" height=\"462\" src=\"https:\/\/gala.bde-insa-lyon.fr\/wp-content\/uploads\/2023\/01\/CRDD_NGUETTA-49-768x462.jpg\" class=\"attachment-medium_large size-medium_large wp-image-3667\" alt=\"\" srcset=\"https:\/\/gala.bde-insa-lyon.fr\/wp-content\/uploads\/2023\/01\/CRDD_NGUETTA-49-768x462.jpg 768w, https:\/\/gala.bde-insa-lyon.fr\/wp-content\/uploads\/2023\/01\/CRDD_NGUETTA-49-300x180.jpg 300w, https:\/\/gala.bde-insa-lyon.fr\/wp-content\/uploads\/2023\/01\/CRDD_NGUETTA-49-1024x616.jpg 1024w, https:\/\/gala.bde-insa-lyon.fr\/wp-content\/uploads\/2023\/01\/CRDD_NGUETTA-49.jpg 1074w\" sizes=\"(max-width: 768px) 100vw, 768px\" \/>\t\t\t\t\t\t\t\t\t\t\t\t\t\t\t<\/div>\n\t\t\t\t<\/div>\n\t\t\t\t\t<\/div>\n\t\t<\/div>\n\t\t\t\t\t<\/div>\n\t\t<\/section>\n\t\t\t\t<\/div>\n\t\t","protected":false},"excerpt":{"rendered":"<p>C\u00e9r\u00e9monie en l&rsquo;Honneur des Dipl\u00f4m\u00e9s La C\u00e9r\u00e9monie en l&rsquo;Honneur des dipl\u00f4m\u00e9s aura lieu le 27 mars 2026 \u00e0 l&rsquo;Amphith\u00e9\u00e2tre 3000 de la Cit\u00e9 Internationale. Ce sera l\u2019occasion pour l\u2019INSA Lyon de f\u00e9liciter les dipl\u00f4m\u00e9s 2026. Pour en savoir plus sur la C\u00e9r\u00e9monie en l&rsquo;Honneur des dipl\u00f4m\u00e9s, reportez-vous aux emails envoy\u00e9s par la direction de la [&hellip;]<\/p>\n","protected":false},"author":18,"featured_media":0,"parent":0,"menu_order":0,"comment_status":"closed","ping_status":"closed","template":"","meta":{"footnotes":""},"class_list":["post-1187","page","type-page","status-publish","czr-hentry"],"_links":{"self":[{"href":"https:\/\/gala.bde-insa-lyon.fr\/index.php?rest_route=\/wp\/v2\/pages\/1187","targetHints":{"allow":["GET"]}}],"collection":[{"href":"https:\/\/gala.bde-insa-lyon.fr\/index.php?rest_route=\/wp\/v2\/pages"}],"about":[{"href":"https:\/\/gala.bde-insa-lyon.fr\/index.php?rest_route=\/wp\/v2\/types\/page"}],"author":[{"embeddable":true,"href":"https:\/\/gala.bde-insa-lyon.fr\/index.php?rest_route=\/wp\/v2\/users\/18"}],"replies":[{"embeddable":true,"href":"https:\/\/gala.bde-insa-lyon.fr\/index.php?rest_route=%2Fwp%2Fv2%2Fcomments&post=1187"}],"version-history":[{"count":206,"href":"https:\/\/gala.bde-insa-lyon.fr\/index.php?rest_route=\/wp\/v2\/pages\/1187\/revisions"}],"predecessor-version":[{"id":4804,"href":"https:\/\/gala.bde-insa-lyon.fr\/index.php?rest_route=\/wp\/v2\/pages\/1187\/revisions\/4804"}],"wp:attachment":[{"href":"https:\/\/gala.bde-insa-lyon.fr\/index.php?rest_route=%2Fwp%2Fv2%2Fmedia&parent=1187"}],"curies":[{"name":"wp","href":"https:\/\/api.w.org\/{rel}","templated":true}]}}

CÉRÉMONIE EN L&rsquo;HONNEUR DES DIPLÔMÉS

<div data-elementor-type="wp-page" data-elementor-id="1187" class="elementor elementor-1187">
						<section class="elementor-section elementor-top-section elementor-element elementor-element-387e170 elementor-section-boxed elementor-section-height-default elementor-section-height-default" data-id="387e170" data-element_type="section" data-e-type="section">
						<div class="elementor-container elementor-column-gap-default">
					<div class="elementor-column elementor-col-100 elementor-top-column elementor-element elementor-element-e613272" data-id="e613272" data-element_type="column" data-e-type="column">
			<div class="elementor-widget-wrap elementor-element-populated">
						<div class="elementor-element elementor-element-599082d elementor-widget elementor-widget-heading" data-id="599082d" data-element_type="widget" data-e-type="widget" data-widget_type="heading.default">
				<div class="elementor-widget-container">
					<h2 class="elementor-heading-title elementor-size-default">Cérémonie en l'Honneur des Diplômés</h2>				</div>
				</div>
					</div>
		</div>
					</div>
		</section>
				<section class="elementor-section elementor-top-section elementor-element elementor-element-7c13283e elementor-section-boxed elementor-section-height-default elementor-section-height-default" data-id="7c13283e" data-element_type="section" data-e-type="section">
						<div class="elementor-container elementor-column-gap-default">
					<div class="elementor-column elementor-col-100 elementor-top-column elementor-element elementor-element-71999de9" data-id="71999de9" data-element_type="column" data-e-type="column">
			<div class="elementor-widget-wrap elementor-element-populated">
						<div class="elementor-element elementor-element-3821c667 elementor-widget elementor-widget-text-editor" data-id="3821c667" data-element_type="widget" data-e-type="widget" data-widget_type="text-editor.default">
				<div class="elementor-widget-container">
									<p><span style="color: #000000;"><strong> La Cérémonie en l&rsquo;Honneur des diplômés aura lieu le 27 mars 2026 à l&rsquo;Amphithéâtre 3000 de la Cité Internationale. Ce sera l’occasion pour l’INSA Lyon de féliciter les diplômés 2026.</strong></span><span style="color: #000000; font-size: 16px; letter-spacing: 0.2px; background-color: inherit; text-align: inherit;"><br /></span></p><p><span style="color: #000000; background-color: inherit; text-align: inherit;">Pour en savoir plus sur la Cérémonie en l&rsquo;Honneur des diplômés, reportez-vous aux emails envoyés par la direction de la communication de l&rsquo;INSA.</span></p><p><span style="color: #000000; background-color: inherit; text-align: inherit;">Pour toute question, contactez : dircom@insa-lyon.fr</span></p>								</div>
				</div>
					</div>
		</div>
					</div>
		</section>
				<section class="elementor-section elementor-top-section elementor-element elementor-element-34d6b24 elementor-section-boxed elementor-section-height-default elementor-section-height-default" data-id="34d6b24" data-element_type="section" data-e-type="section">
						<div class="elementor-container elementor-column-gap-default">
					<div class="elementor-column elementor-col-100 elementor-top-column elementor-element elementor-element-0d568dc" data-id="0d568dc" data-element_type="column" data-e-type="column">
			<div class="elementor-widget-wrap elementor-element-populated">
						<div class="elementor-element elementor-element-19dc478 elementor-widget elementor-widget-spacer" data-id="19dc478" data-element_type="widget" data-e-type="widget" data-widget_type="spacer.default">
				<div class="elementor-widget-container">
							<div class="elementor-spacer">
			<div class="elementor-spacer-inner"></div>
		</div>
						</div>
				</div>
				<div class="elementor-element elementor-element-2be731c elementor-widget elementor-widget-spacer" data-id="2be731c" data-element_type="widget" data-e-type="widget" data-widget_type="spacer.default">
				<div class="elementor-widget-container">
							<div class="elementor-spacer">
			<div class="elementor-spacer-inner"></div>
		</div>
						</div>
				</div>
				<div class="elementor-element elementor-element-972536c elementor-widget elementor-widget-spacer" data-id="972536c" data-element_type="widget" data-e-type="widget" data-widget_type="spacer.default">
				<div class="elementor-widget-container">
							<div class="elementor-spacer">
			<div class="elementor-spacer-inner"></div>
		</div>
						</div>
				</div>
				<div class="elementor-element elementor-element-faadad4 elementor-widget elementor-widget-image" data-id="faadad4" data-element_type="widget" data-e-type="widget" data-widget_type="image.default">
				<div class="elementor-widget-container">
															<img fetchpriority="high" decoding="async" width="768" height="462" src="https://gala.bde-insa-lyon.fr/wp-content/uploads/2023/01/CRDD_NGUETTA-49-768x462.jpg" class="attachment-medium_large size-medium_large wp-image-3667" alt="" srcset="https://gala.bde-insa-lyon.fr/wp-content/uploads/2023/01/CRDD_NGUETTA-49-768x462.jpg 768w, https://gala.bde-insa-lyon.fr/wp-content/uploads/2023/01/CRDD_NGUETTA-49-300x180.jpg 300w, https://gala.bde-insa-lyon.fr/wp-content/uploads/2023/01/CRDD_NGUETTA-49-1024x616.jpg 1024w, https://gala.bde-insa-lyon.fr/wp-content/uploads/2023/01/CRDD_NGUETTA-49.jpg 1074w" sizes="(max-width: 768px) 100vw, 768px" />															</div>
				</div>
					</div>
		</div>
					</div>
		</section>
				</div>

<p>Cérémonie en l&rsquo;Honneur des Diplômés La Cérémonie en l&rsquo;Honneur des diplômés aura lieu le 27 mars 2026 à l&rsquo;Amphithéâtre 3000 de la Cité Internationale. Ce sera l’occasion pour l’INSA Lyon de féliciter les diplômés 2026. Pour en savoir plus sur la Cérémonie en l&rsquo;Honneur des diplômés, reportez-vous aux emails envoyés par la direction de la [&hellip;]</p>
