{"id":1696,"date":"2014-06-01T14:04:57","date_gmt":"2014-06-01T13:04:57","guid":{"rendered":"http:\/\/bde.insa-lyon.fr\/gala-test\/?page_id=1696"},"modified":"2025-12-28T16:22:03","modified_gmt":"2025-12-28T15:22:03","slug":"index","status":"publish","type":"page","link":"https:\/\/gala.bde-insa-lyon.fr\/","title":{"rendered":"ACCUEIL"},"content":{"rendered":"\t\t<div data-elementor-type=\"wp-page\" data-elementor-id=\"1696\" class=\"elementor elementor-1696\">\n\t\t\t\t\t\t<section class=\"elementor-section elementor-top-section elementor-element elementor-element-c736e57 elementor-section-stretched elementor-section-full_width elementor-section-height-full animated-slow elementor-section-items-top elementor-section-height-default elementor-invisible\" data-id=\"c736e57\" data-element_type=\"section\" data-e-type=\"section\" data-settings=\"{&quot;stretch_section&quot;:&quot;section-stretched&quot;,&quot;background_background&quot;:&quot;classic&quot;,&quot;animation&quot;:&quot;fadeInDown&quot;,&quot;animation_mobile&quot;:&quot;fadeInDown&quot;}\">\n\t\t\t\t\t\t\t<div class=\"elementor-background-overlay\"><\/div>\n\t\t\t\t\t\t\t<div class=\"elementor-container elementor-column-gap-default\">\n\t\t\t\t\t<div class=\"elementor-column elementor-col-33 elementor-top-column elementor-element elementor-element-8245445 elementor-hidden-mobile\" data-id=\"8245445\" data-element_type=\"column\" data-e-type=\"column\" data-settings=\"{&quot;background_background&quot;:&quot;gradient&quot;}\">\n\t\t\t<div class=\"elementor-widget-wrap elementor-element-populated\">\n\t\t\t\t\t\t<div class=\"elementor-element elementor-element-7c0ddf7 elementor-widget elementor-widget-spacer\" data-id=\"7c0ddf7\" data-element_type=\"widget\" data-e-type=\"widget\" data-widget_type=\"spacer.default\">\n\t\t\t\t<div class=\"elementor-widget-container\">\n\t\t\t\t\t\t\t<div class=\"elementor-spacer\">\n\t\t\t<div class=\"elementor-spacer-inner\"><\/div>\n\t\t<\/div>\n\t\t\t\t\t\t<\/div>\n\t\t\t\t<\/div>\n\t\t\t\t<div class=\"elementor-element elementor-element-df21011 animated-slow elementor-widget__width-initial elementor-invisible elementor-widget elementor-widget-image\" data-id=\"df21011\" data-element_type=\"widget\" data-e-type=\"widget\" data-settings=\"{&quot;_animation&quot;:&quot;fadeInLeft&quot;}\" data-widget_type=\"image.default\">\n\t\t\t\t<div class=\"elementor-widget-container\">\n\t\t\t\t\t\t\t\t\t\t\t\t\t\t\t\t<a href=\"https:\/\/gala.bde-insa-lyon.fr\/?page_id=54\">\n\t\t\t\t\t\t\t<img fetchpriority=\"high\" decoding=\"async\" width=\"1024\" height=\"1024\" src=\"https:\/\/gala.bde-insa-lyon.fr\/wp-content\/uploads\/2023\/12\/bde_white-1024x1024.png\" class=\"elementor-animation-grow attachment-large size-large wp-image-3823\" alt=\"\" srcset=\"https:\/\/gala.bde-insa-lyon.fr\/wp-content\/uploads\/2023\/12\/bde_white-1024x1024.png 1024w, https:\/\/gala.bde-insa-lyon.fr\/wp-content\/uploads\/2023\/12\/bde_white-300x300.png 300w, https:\/\/gala.bde-insa-lyon.fr\/wp-content\/uploads\/2023\/12\/bde_white-150x150.png 150w, https:\/\/gala.bde-insa-lyon.fr\/wp-content\/uploads\/2023\/12\/bde_white-768x768.png 768w, https:\/\/gala.bde-insa-lyon.fr\/wp-content\/uploads\/2023\/12\/bde_white-1536x1536.png 1536w, https:\/\/gala.bde-insa-lyon.fr\/wp-content\/uploads\/2023\/12\/bde_white-510x510.png 510w, https:\/\/gala.bde-insa-lyon.fr\/wp-content\/uploads\/2023\/12\/bde_white.png 2000w\" sizes=\"(max-width: 1024px) 100vw, 1024px\" \/>\t\t\t\t\t\t\t\t<\/a>\n\t\t\t\t\t\t\t\t\t\t\t\t\t\t\t<\/div>\n\t\t\t\t<\/div>\n\t\t\t\t\t<\/div>\n\t\t<\/div>\n\t\t\t\t<div class=\"elementor-column elementor-col-33 elementor-top-column elementor-element elementor-element-2ad4fd6 animated-slow elementor-invisible\" data-id=\"2ad4fd6\" data-element_type=\"column\" data-e-type=\"column\" data-settings=\"{&quot;animation&quot;:&quot;fadeInDown&quot;,&quot;background_background&quot;:&quot;classic&quot;}\">\n\t\t\t<div class=\"elementor-widget-wrap elementor-element-populated\">\n\t\t\t\t\t\t<div class=\"elementor-element elementor-element-1413793 elementor-widget elementor-widget-spacer\" data-id=\"1413793\" data-element_type=\"widget\" data-e-type=\"widget\" data-widget_type=\"spacer.default\">\n\t\t\t\t<div class=\"elementor-widget-container\">\n\t\t\t\t\t\t\t<div class=\"elementor-spacer\">\n\t\t\t<div class=\"elementor-spacer-inner\"><\/div>\n\t\t<\/div>\n\t\t\t\t\t\t<\/div>\n\t\t\t\t<\/div>\n\t\t\t\t<div class=\"elementor-element elementor-element-7fe6f5c elementor-widget__width-initial elementor-widget elementor-widget-image\" data-id=\"7fe6f5c\" data-element_type=\"widget\" data-e-type=\"widget\" data-widget_type=\"image.default\">\n\t\t\t\t<div class=\"elementor-widget-container\">\n\t\t\t\t\t\t\t\t\t\t\t\t\t\t\t<img decoding=\"async\" width=\"8000\" height=\"4500\" src=\"https:\/\/gala.bde-insa-lyon.fr\/wp-content\/uploads\/2025\/12\/banniere_logo_dore_sans_coins-1.png\" class=\"attachment-full size-full wp-image-4563\" alt=\"\" srcset=\"https:\/\/gala.bde-insa-lyon.fr\/wp-content\/uploads\/2025\/12\/banniere_logo_dore_sans_coins-1.png 8000w, https:\/\/gala.bde-insa-lyon.fr\/wp-content\/uploads\/2025\/12\/banniere_logo_dore_sans_coins-1-300x169.png 300w, https:\/\/gala.bde-insa-lyon.fr\/wp-content\/uploads\/2025\/12\/banniere_logo_dore_sans_coins-1-1024x576.png 1024w, https:\/\/gala.bde-insa-lyon.fr\/wp-content\/uploads\/2025\/12\/banniere_logo_dore_sans_coins-1-768x432.png 768w, https:\/\/gala.bde-insa-lyon.fr\/wp-content\/uploads\/2025\/12\/banniere_logo_dore_sans_coins-1-1536x864.png 1536w, https:\/\/gala.bde-insa-lyon.fr\/wp-content\/uploads\/2025\/12\/banniere_logo_dore_sans_coins-1-2048x1152.png 2048w, https:\/\/gala.bde-insa-lyon.fr\/wp-content\/uploads\/2025\/12\/banniere_logo_dore_sans_coins-1-1110x624.png 1110w, https:\/\/gala.bde-insa-lyon.fr\/wp-content\/uploads\/2025\/12\/banniere_logo_dore_sans_coins-1-528x297.png 528w\" sizes=\"(max-width: 8000px) 100vw, 8000px\" \/>\t\t\t\t\t\t\t\t\t\t\t\t\t\t\t<\/div>\n\t\t\t\t<\/div>\n\t\t\t\t\t<\/div>\n\t\t<\/div>\n\t\t\t\t<div class=\"elementor-column elementor-col-33 elementor-top-column elementor-element elementor-element-1ee8647\" data-id=\"1ee8647\" data-element_type=\"column\" data-e-type=\"column\" data-settings=\"{&quot;background_background&quot;:&quot;classic&quot;}\">\n\t\t\t<div class=\"elementor-widget-wrap elementor-element-populated\">\n\t\t\t\t\t\t<div class=\"elementor-element elementor-element-735b6a2 elementor-widget elementor-widget-spacer\" data-id=\"735b6a2\" data-element_type=\"widget\" data-e-type=\"widget\" data-widget_type=\"spacer.default\">\n\t\t\t\t<div class=\"elementor-widget-container\">\n\t\t\t\t\t\t\t<div class=\"elementor-spacer\">\n\t\t\t<div class=\"elementor-spacer-inner\"><\/div>\n\t\t<\/div>\n\t\t\t\t\t\t<\/div>\n\t\t\t\t<\/div>\n\t\t\t\t<div class=\"elementor-element elementor-element-b0fb07b animated-slow elementor-hidden-tablet elementor-hidden-mobile elementor-widget__width-initial elementor-invisible elementor-widget elementor-widget-image\" data-id=\"b0fb07b\" data-element_type=\"widget\" data-e-type=\"widget\" data-settings=\"{&quot;_animation&quot;:&quot;fadeInRight&quot;}\" data-widget_type=\"image.default\">\n\t\t\t\t<div class=\"elementor-widget-container\">\n\t\t\t\t\t\t\t\t\t\t\t\t\t\t\t\t<a href=\"https:\/\/gala.bde-insa-lyon.fr\/?page_id=56\">\n\t\t\t\t\t\t\t<img decoding=\"async\" width=\"1024\" height=\"413\" src=\"https:\/\/gala.bde-insa-lyon.fr\/wp-content\/uploads\/2023\/12\/insa_white-1024x413.png\" class=\"elementor-animation-grow attachment-large size-large wp-image-3824\" alt=\"\" srcset=\"https:\/\/gala.bde-insa-lyon.fr\/wp-content\/uploads\/2023\/12\/insa_white-1024x413.png 1024w, https:\/\/gala.bde-insa-lyon.fr\/wp-content\/uploads\/2023\/12\/insa_white-300x121.png 300w, https:\/\/gala.bde-insa-lyon.fr\/wp-content\/uploads\/2023\/12\/insa_white-768x310.png 768w, https:\/\/gala.bde-insa-lyon.fr\/wp-content\/uploads\/2023\/12\/insa_white-1536x619.png 1536w, https:\/\/gala.bde-insa-lyon.fr\/wp-content\/uploads\/2023\/12\/insa_white-2048x825.png 2048w\" sizes=\"(max-width: 1024px) 100vw, 1024px\" \/>\t\t\t\t\t\t\t\t<\/a>\n\t\t\t\t\t\t\t\t\t\t\t\t\t\t\t<\/div>\n\t\t\t\t<\/div>\n\t\t\t\t\t<\/div>\n\t\t<\/div>\n\t\t\t\t\t<\/div>\n\t\t<\/section>\n\t\t\t\t<section class=\"elementor-section elementor-top-section elementor-element elementor-element-f93f45f elementor-section-boxed elementor-section-height-default elementor-section-height-default elementor-invisible\" data-id=\"f93f45f\" data-element_type=\"section\" data-e-type=\"section\" data-settings=\"{&quot;background_background&quot;:&quot;classic&quot;,&quot;animation&quot;:&quot;fadeIn&quot;}\">\n\t\t\t\t\t\t<div class=\"elementor-container elementor-column-gap-default\">\n\t\t\t\t\t<div class=\"elementor-column elementor-col-20 elementor-top-column elementor-element elementor-element-28003de\" data-id=\"28003de\" data-element_type=\"column\" data-e-type=\"column\">\n\t\t\t<div class=\"elementor-widget-wrap\">\n\t\t\t\t\t\t\t<\/div>\n\t\t<\/div>\n\t\t\t\t<div class=\"elementor-column elementor-col-20 elementor-top-column elementor-element elementor-element-31c93c9\" data-id=\"31c93c9\" data-element_type=\"column\" data-e-type=\"column\">\n\t\t\t<div class=\"elementor-widget-wrap elementor-element-populated\">\n\t\t\t\t\t\t<div class=\"elementor-element elementor-element-5714d65 elementor-widget elementor-widget-spacer\" data-id=\"5714d65\" data-element_type=\"widget\" data-e-type=\"widget\" data-widget_type=\"spacer.default\">\n\t\t\t\t<div class=\"elementor-widget-container\">\n\t\t\t\t\t\t\t<div class=\"elementor-spacer\">\n\t\t\t<div class=\"elementor-spacer-inner\"><\/div>\n\t\t<\/div>\n\t\t\t\t\t\t<\/div>\n\t\t\t\t<\/div>\n\t\t\t\t<div class=\"elementor-element elementor-element-2646fb3 e-transform elementor-widget elementor-widget-heading\" data-id=\"2646fb3\" data-element_type=\"widget\" data-e-type=\"widget\" data-settings=\"{&quot;_transform_scale_effect_hover&quot;:{&quot;unit&quot;:&quot;px&quot;,&quot;size&quot;:1.1,&quot;sizes&quot;:[]},&quot;_transform_scale_effect_hover_tablet&quot;:{&quot;unit&quot;:&quot;px&quot;,&quot;size&quot;:&quot;&quot;,&quot;sizes&quot;:[]},&quot;_transform_scale_effect_hover_mobile&quot;:{&quot;unit&quot;:&quot;px&quot;,&quot;size&quot;:&quot;&quot;,&quot;sizes&quot;:[]}}\" data-widget_type=\"heading.default\">\n\t\t\t\t<div class=\"elementor-widget-container\">\n\t\t\t\t\t<h2 class=\"elementor-heading-title elementor-size-default\"><a href=\"https:\/\/gala.bde-insa-lyon.fr\/?page_id=1187\"><br>CHD<\/a><\/h2>\t\t\t\t<\/div>\n\t\t\t\t<\/div>\n\t\t\t\t<div class=\"elementor-element elementor-element-5de8c09 elementor-widget elementor-widget-spacer\" data-id=\"5de8c09\" data-element_type=\"widget\" data-e-type=\"widget\" data-widget_type=\"spacer.default\">\n\t\t\t\t<div class=\"elementor-widget-container\">\n\t\t\t\t\t\t\t<div class=\"elementor-spacer\">\n\t\t\t<div class=\"elementor-spacer-inner\"><\/div>\n\t\t<\/div>\n\t\t\t\t\t\t<\/div>\n\t\t\t\t<\/div>\n\t\t\t\t<div class=\"elementor-element elementor-element-ca91116 elementor-widget elementor-widget-text-editor\" data-id=\"ca91116\" data-element_type=\"widget\" data-e-type=\"widget\" data-widget_type=\"text-editor.default\">\n\t\t\t\t<div class=\"elementor-widget-container\">\n\t\t\t\t\t\t\t\t\t<p style=\"text-align: center;\"><span style=\"color: #950000;\"><strong style=\"background-color: inherit;\">27.03.2026<\/strong><\/span><\/p><p style=\"text-align: center;\"><span style=\"color: #950000;\"><strong>Amphith\u00e9\u00e2tre Salle 3000<\/strong><\/span><\/p><p style=\"text-align: center;\"><span style=\"background-color: inherit; color: #950000;\">1 Quai Charles de Gaulle, 69006 Lyon<\/span><\/p>\t\t\t\t\t\t\t\t<\/div>\n\t\t\t\t<\/div>\n\t\t\t\t\t<\/div>\n\t\t<\/div>\n\t\t\t\t<div class=\"elementor-column elementor-col-20 elementor-top-column elementor-element elementor-element-8eea424\" data-id=\"8eea424\" data-element_type=\"column\" data-e-type=\"column\">\n\t\t\t<div class=\"elementor-widget-wrap\">\n\t\t\t\t\t\t\t<\/div>\n\t\t<\/div>\n\t\t\t\t<div class=\"elementor-column elementor-col-20 elementor-top-column elementor-element elementor-element-59ed8d1\" data-id=\"59ed8d1\" data-element_type=\"column\" data-e-type=\"column\">\n\t\t\t<div class=\"elementor-widget-wrap elementor-element-populated\">\n\t\t\t\t\t\t<div class=\"elementor-element elementor-element-bbab2fa elementor-widget elementor-widget-spacer\" data-id=\"bbab2fa\" data-element_type=\"widget\" data-e-type=\"widget\" data-widget_type=\"spacer.default\">\n\t\t\t\t<div class=\"elementor-widget-container\">\n\t\t\t\t\t\t\t<div class=\"elementor-spacer\">\n\t\t\t<div class=\"elementor-spacer-inner\"><\/div>\n\t\t<\/div>\n\t\t\t\t\t\t<\/div>\n\t\t\t\t<\/div>\n\t\t\t\t<div class=\"elementor-element elementor-element-c0eee96 e-transform elementor-widget elementor-widget-heading\" data-id=\"c0eee96\" data-element_type=\"widget\" data-e-type=\"widget\" data-settings=\"{&quot;_transform_scale_effect_hover&quot;:{&quot;unit&quot;:&quot;px&quot;,&quot;size&quot;:1.1,&quot;sizes&quot;:[]},&quot;_transform_scale_effect_hover_tablet&quot;:{&quot;unit&quot;:&quot;px&quot;,&quot;size&quot;:&quot;&quot;,&quot;sizes&quot;:[]},&quot;_transform_scale_effect_hover_mobile&quot;:{&quot;unit&quot;:&quot;px&quot;,&quot;size&quot;:&quot;&quot;,&quot;sizes&quot;:[]}}\" data-widget_type=\"heading.default\">\n\t\t\t\t<div class=\"elementor-widget-container\">\n\t\t\t\t\t<h2 class=\"elementor-heading-title elementor-size-default\"><a href=\"https:\/\/gala.bde-insa-lyon.fr\/?page_id=2320\"><br>GALA<\/a><\/h2>\t\t\t\t<\/div>\n\t\t\t\t<\/div>\n\t\t\t\t<div class=\"elementor-element elementor-element-5b59b98 elementor-widget elementor-widget-spacer\" data-id=\"5b59b98\" data-element_type=\"widget\" data-e-type=\"widget\" data-widget_type=\"spacer.default\">\n\t\t\t\t<div class=\"elementor-widget-container\">\n\t\t\t\t\t\t\t<div class=\"elementor-spacer\">\n\t\t\t<div class=\"elementor-spacer-inner\"><\/div>\n\t\t<\/div>\n\t\t\t\t\t\t<\/div>\n\t\t\t\t<\/div>\n\t\t\t\t<div class=\"elementor-element elementor-element-f2c650d elementor-widget elementor-widget-text-editor\" data-id=\"f2c650d\" data-element_type=\"widget\" data-e-type=\"widget\" data-widget_type=\"text-editor.default\">\n\t\t\t\t<div class=\"elementor-widget-container\">\n\t\t\t\t\t\t\t\t\t<p style=\"text-align: center;\"><span style=\"color: #950000;\"><strong>28.03.2026<\/strong><\/span><\/p><p style=\"text-align: center;\"><span style=\"color: #950000;\"><b style=\"text-align: center; background-color: inherit;\">Centre des Congr\u00e8s<\/b><\/span><\/p><p style=\"text-align: center;\"><span style=\"color: #950000;\"><span style=\"text-align: center; background-color: inherit;\">50 Quai Charles de Gaulle<\/span><span style=\"text-align: center; background-color: inherit;\">,\u00a0<\/span><span style=\"text-align: center; background-color: inherit; letter-spacing: 0.2px;\">69006 Lyon<\/span><\/span><\/p>\t\t\t\t\t\t\t\t<\/div>\n\t\t\t\t<\/div>\n\t\t\t\t\t<\/div>\n\t\t<\/div>\n\t\t\t\t<div class=\"elementor-column elementor-col-20 elementor-top-column elementor-element elementor-element-5dc67d9\" data-id=\"5dc67d9\" data-element_type=\"column\" data-e-type=\"column\">\n\t\t\t<div class=\"elementor-widget-wrap\">\n\t\t\t\t\t\t\t<\/div>\n\t\t<\/div>\n\t\t\t\t\t<\/div>\n\t\t<\/section>\n\t\t\t\t<section class=\"elementor-section elementor-top-section elementor-element elementor-element-7cec6ba elementor-section-boxed elementor-section-height-default elementor-section-height-default\" data-id=\"7cec6ba\" data-element_type=\"section\" data-e-type=\"section\">\n\t\t\t\t\t\t<div class=\"elementor-container elementor-column-gap-default\">\n\t\t\t\t\t<div class=\"elementor-column elementor-col-100 elementor-top-column elementor-element elementor-element-0f37326\" data-id=\"0f37326\" data-element_type=\"column\" data-e-type=\"column\">\n\t\t\t<div class=\"elementor-widget-wrap elementor-element-populated\">\n\t\t\t\t\t\t<div class=\"elementor-element elementor-element-6a83be7 elementor-widget elementor-widget-spacer\" data-id=\"6a83be7\" data-element_type=\"widget\" data-e-type=\"widget\" data-widget_type=\"spacer.default\">\n\t\t\t\t<div class=\"elementor-widget-container\">\n\t\t\t\t\t\t\t<div class=\"elementor-spacer\">\n\t\t\t<div class=\"elementor-spacer-inner\"><\/div>\n\t\t<\/div>\n\t\t\t\t\t\t<\/div>\n\t\t\t\t<\/div>\n\t\t\t\t<div class=\"elementor-element elementor-element-16d69bd elementor-widget-mobile__width-inherit elementor-arrows-position-inside elementor-widget elementor-widget-image-carousel\" data-id=\"16d69bd\" data-element_type=\"widget\" data-e-type=\"widget\" data-settings=\"{&quot;slides_to_show&quot;:&quot;4&quot;,&quot;navigation&quot;:&quot;arrows&quot;,&quot;slides_to_show_mobile&quot;:&quot;2&quot;,&quot;autoplay&quot;:&quot;yes&quot;,&quot;pause_on_hover&quot;:&quot;yes&quot;,&quot;pause_on_interaction&quot;:&quot;yes&quot;,&quot;autoplay_speed&quot;:5000,&quot;infinite&quot;:&quot;yes&quot;,&quot;speed&quot;:500}\" data-widget_type=\"image-carousel.default\">\n\t\t\t\t<div class=\"elementor-widget-container\">\n\t\t\t\t\t\t\t<div class=\"elementor-image-carousel-wrapper swiper\" role=\"region\" aria-roledescription=\"carousel\" aria-label=\"Carrousel d\u2019images\" dir=\"ltr\">\n\t\t\t<div class=\"elementor-image-carousel swiper-wrapper\" aria-live=\"off\">\n\t\t\t\t\t\t\t\t<div class=\"swiper-slide\" role=\"group\" aria-roledescription=\"slide\" aria-label=\"1 sur 7\"><figure class=\"swiper-slide-inner\"><img decoding=\"async\" class=\"swiper-slide-image\" src=\"https:\/\/gala.bde-insa-lyon.fr\/wp-content\/uploads\/2023\/12\/410494171_3250945165215217_552311987261726999_n-570x350.jpg\" alt=\"410494171_3250945165215217_552311987261726999_n\" \/><\/figure><\/div><div class=\"swiper-slide\" role=\"group\" aria-roledescription=\"slide\" aria-label=\"2 sur 7\"><figure class=\"swiper-slide-inner\"><img decoding=\"async\" class=\"swiper-slide-image\" src=\"https:\/\/gala.bde-insa-lyon.fr\/wp-content\/uploads\/2023\/12\/410429726_1423101478608461_7683627016837008535_n-570x350.jpg\" alt=\"410429726_1423101478608461_7683627016837008535_n\" \/><\/figure><\/div><div class=\"swiper-slide\" role=\"group\" aria-roledescription=\"slide\" aria-label=\"3 sur 7\"><figure class=\"swiper-slide-inner\"><img decoding=\"async\" class=\"swiper-slide-image\" src=\"https:\/\/gala.bde-insa-lyon.fr\/wp-content\/uploads\/2023\/12\/393179922_1342459616473428_1036877616837834037_n-570x350.jpg\" alt=\"393179922_1342459616473428_1036877616837834037_n\" \/><\/figure><\/div><div class=\"swiper-slide\" role=\"group\" aria-roledescription=\"slide\" aria-label=\"4 sur 7\"><figure class=\"swiper-slide-inner\"><img decoding=\"async\" class=\"swiper-slide-image\" src=\"https:\/\/gala.bde-insa-lyon.fr\/wp-content\/uploads\/2023\/12\/410390789_747915103360431_5219959428323144436_n-570x350.jpg\" alt=\"410390789_747915103360431_5219959428323144436_n\" \/><\/figure><\/div><div class=\"swiper-slide\" role=\"group\" aria-roledescription=\"slide\" aria-label=\"5 sur 7\"><figure class=\"swiper-slide-inner\"><img decoding=\"async\" class=\"swiper-slide-image\" src=\"https:\/\/gala.bde-insa-lyon.fr\/wp-content\/uploads\/2023\/12\/410585779_246195194984139_3381357389863093477_n-570x350.jpg\" alt=\"410585779_246195194984139_3381357389863093477_n\" \/><\/figure><\/div><div class=\"swiper-slide\" role=\"group\" aria-roledescription=\"slide\" aria-label=\"6 sur 7\"><figure class=\"swiper-slide-inner\"><img decoding=\"async\" class=\"swiper-slide-image\" src=\"https:\/\/gala.bde-insa-lyon.fr\/wp-content\/uploads\/2023\/12\/410558557_856479502839531_5453197877810000515_n-570x350.jpg\" alt=\"410558557_856479502839531_5453197877810000515_n\" \/><\/figure><\/div><div class=\"swiper-slide\" role=\"group\" aria-roledescription=\"slide\" aria-label=\"7 sur 7\"><figure class=\"swiper-slide-inner\"><img decoding=\"async\" class=\"swiper-slide-image\" src=\"https:\/\/gala.bde-insa-lyon.fr\/wp-content\/uploads\/2023\/12\/393192239_659883229393507_6641098197880387186_n-570x350.jpg\" alt=\"393192239_659883229393507_6641098197880387186_n\" \/><\/figure><\/div>\t\t\t<\/div>\n\t\t\t\t\t\t\t\t\t\t\t\t<div class=\"elementor-swiper-button elementor-swiper-button-prev\" role=\"button\" tabindex=\"0\">\n\t\t\t\t\t\t<i aria-hidden=\"true\" class=\"fas fa-angle-double-left\"><\/i>\t\t\t\t\t<\/div>\n\t\t\t\t\t<div class=\"elementor-swiper-button elementor-swiper-button-next\" role=\"button\" tabindex=\"0\">\n\t\t\t\t\t\t<i aria-hidden=\"true\" class=\"fas fa-angle-double-right\"><\/i>\t\t\t\t\t<\/div>\n\t\t\t\t\n\t\t\t\t\t\t\t\t\t<\/div>\n\t\t\t\t\t\t<\/div>\n\t\t\t\t<\/div>\n\t\t\t\t\t<\/div>\n\t\t<\/div>\n\t\t\t\t\t<\/div>\n\t\t<\/section>\n\t\t\t\t<section class=\"elementor-section elementor-top-section elementor-element elementor-element-7caf25f elementor-section-boxed elementor-section-height-default elementor-section-height-default\" data-id=\"7caf25f\" data-element_type=\"section\" data-e-type=\"section\">\n\t\t\t\t\t\t<div class=\"elementor-container elementor-column-gap-default\">\n\t\t\t\t\t<div class=\"elementor-column elementor-col-100 elementor-top-column elementor-element elementor-element-dfe1f64\" data-id=\"dfe1f64\" data-element_type=\"column\" data-e-type=\"column\">\n\t\t\t<div class=\"elementor-widget-wrap elementor-element-populated\">\n\t\t\t\t\t\t<div class=\"elementor-element elementor-element-e41fef0 elementor-widget__width-initial elementor-widget elementor-widget-image\" data-id=\"e41fef0\" data-element_type=\"widget\" data-e-type=\"widget\" data-widget_type=\"image.default\">\n\t\t\t\t<div class=\"elementor-widget-container\">\n\t\t\t\t\t\t\t\t\t\t\t\t\t\t\t<img loading=\"lazy\" decoding=\"async\" width=\"819\" height=\"1024\" src=\"https:\/\/gala.bde-insa-lyon.fr\/wp-content\/uploads\/2025\/12\/element_3-819x1024.png\" class=\"attachment-large size-large wp-image-4570\" alt=\"\" srcset=\"https:\/\/gala.bde-insa-lyon.fr\/wp-content\/uploads\/2025\/12\/element_3-819x1024.png 819w, https:\/\/gala.bde-insa-lyon.fr\/wp-content\/uploads\/2025\/12\/element_3-240x300.png 240w, https:\/\/gala.bde-insa-lyon.fr\/wp-content\/uploads\/2025\/12\/element_3-768x960.png 768w, https:\/\/gala.bde-insa-lyon.fr\/wp-content\/uploads\/2025\/12\/element_3.png 1080w\" sizes=\"(max-width: 819px) 100vw, 819px\" \/>\t\t\t\t\t\t\t\t\t\t\t\t\t\t\t<\/div>\n\t\t\t\t<\/div>\n\t\t\t\t\t<\/div>\n\t\t<\/div>\n\t\t\t\t\t<\/div>\n\t\t<\/section>\n\t\t\t\t<\/div>\n\t\t","protected":false},"excerpt":{"rendered":"<p>CHD 27.03.2026 Amphith\u00e9\u00e2tre Salle 3000 1 Quai Charles de Gaulle, 69006 Lyon GALA 28.03.2026 Centre des Congr\u00e8s 50 Quai Charles de Gaulle,\u00a069006 Lyon<\/p>\n","protected":false},"author":18,"featured_media":0,"parent":0,"menu_order":0,"comment_status":"closed","ping_status":"closed","template":"","meta":{"footnotes":""},"class_list":["post-1696","page","type-page","status-publish","czr-hentry"],"_links":{"self":[{"href":"https:\/\/gala.bde-insa-lyon.fr\/index.php?rest_route=\/wp\/v2\/pages\/1696","targetHints":{"allow":["GET"]}}],"collection":[{"href":"https:\/\/gala.bde-insa-lyon.fr\/index.php?rest_route=\/wp\/v2\/pages"}],"about":[{"href":"https:\/\/gala.bde-insa-lyon.fr\/index.php?rest_route=\/wp\/v2\/types\/page"}],"author":[{"embeddable":true,"href":"https:\/\/gala.bde-insa-lyon.fr\/index.php?rest_route=\/wp\/v2\/users\/18"}],"replies":[{"embeddable":true,"href":"https:\/\/gala.bde-insa-lyon.fr\/index.php?rest_route=%2Fwp%2Fv2%2Fcomments&post=1696"}],"version-history":[{"count":465,"href":"https:\/\/gala.bde-insa-lyon.fr\/index.php?rest_route=\/wp\/v2\/pages\/1696\/revisions"}],"predecessor-version":[{"id":4767,"href":"https:\/\/gala.bde-insa-lyon.fr\/index.php?rest_route=\/wp\/v2\/pages\/1696\/revisions\/4767"}],"wp:attachment":[{"href":"https:\/\/gala.bde-insa-lyon.fr\/index.php?rest_route=%2Fwp%2Fv2%2Fmedia&parent=1696"}],"curies":[{"name":"wp","href":"https:\/\/api.w.org\/{rel}","templated":true}]}}