{"id":2189,"date":"2015-11-30T10:21:10","date_gmt":"2015-11-30T09:21:10","guid":{"rendered":"http:\/\/new.gala.bde-insa-lyon.fr\/?page_id=2189"},"modified":"2025-01-19T22:43:39","modified_gmt":"2025-01-19T21:43:39","slug":"contact","status":"publish","type":"page","link":"https:\/\/gala.bde-insa-lyon.fr\/?page_id=2189","title":{"rendered":"CONTACT"},"content":{"rendered":"\t\t<div data-elementor-type=\"wp-page\" data-elementor-id=\"2189\" class=\"elementor elementor-2189\">\n\t\t\t\t\t\t<section class=\"elementor-section elementor-top-section elementor-element elementor-element-6bab035e elementor-section-boxed elementor-section-height-default elementor-section-height-default\" data-id=\"6bab035e\" data-element_type=\"section\" data-e-type=\"section\">\n\t\t\t\t\t\t<div class=\"elementor-container elementor-column-gap-default\">\n\t\t\t\t\t<div class=\"elementor-column elementor-col-100 elementor-top-column elementor-element elementor-element-1d131c1\" data-id=\"1d131c1\" data-element_type=\"column\" data-e-type=\"column\">\n\t\t\t<div class=\"elementor-widget-wrap elementor-element-populated\">\n\t\t\t\t\t\t<div class=\"elementor-element elementor-element-55e7779f elementor-widget elementor-widget-text-editor\" data-id=\"55e7779f\" data-element_type=\"widget\" data-e-type=\"widget\" data-widget_type=\"text-editor.default\">\n\t\t\t\t<div class=\"elementor-widget-container\">\n\t\t\t\t\t\t\t\t\t<p><strong>Le Bureau des El\u00e8ves<\/strong><br>\nMaison des Etudiants &#8211; B\u00e2timent le Th\u00e9l\u00e8me<br>\n18 Avenue des Arts<br>\n69100 Villeurbanne<\/p>\n<p style=\"text-align: left;\"><a href=\"mailto:gala@bde-insa-lyon.fr\">gala@bde-insa-lyon.fr<\/a><br>\nT\u00e9l\u00e9phone : 04 72 43 82 29<\/p>\t\t\t\t\t\t\t\t<\/div>\n\t\t\t\t<\/div>\n\t\t\t\t\t<\/div>\n\t\t<\/div>\n\t\t\t\t\t<\/div>\n\t\t<\/section>\n\t\t\t\t<\/div>\n\t\t","protected":false},"excerpt":{"rendered":"<p>Le Bureau des El\u00e8ves Maison des Etudiants &#8211; B\u00e2timent le Th\u00e9l\u00e8me 18 Avenue des Arts 69100 Villeurbanne gala@bde-insa-lyon.fr T\u00e9l\u00e9phone : 04 72 43 82 29<\/p>\n","protected":false},"author":18,"featured_media":0,"parent":0,"menu_order":0,"comment_status":"closed","ping_status":"closed","template":"","meta":{"footnotes":""},"class_list":["post-2189","page","type-page","status-publish","czr-hentry"],"_links":{"self":[{"href":"https:\/\/gala.bde-insa-lyon.fr\/index.php?rest_route=\/wp\/v2\/pages\/2189","targetHints":{"allow":["GET"]}}],"collection":[{"href":"https:\/\/gala.bde-insa-lyon.fr\/index.php?rest_route=\/wp\/v2\/pages"}],"about":[{"href":"https:\/\/gala.bde-insa-lyon.fr\/index.php?rest_route=\/wp\/v2\/types\/page"}],"author":[{"embeddable":true,"href":"https:\/\/gala.bde-insa-lyon.fr\/index.php?rest_route=\/wp\/v2\/users\/18"}],"replies":[{"embeddable":true,"href":"https:\/\/gala.bde-insa-lyon.fr\/index.php?rest_route=%2Fwp%2Fv2%2Fcomments&post=2189"}],"version-history":[{"count":10,"href":"https:\/\/gala.bde-insa-lyon.fr\/index.php?rest_route=\/wp\/v2\/pages\/2189\/revisions"}],"predecessor-version":[{"id":4404,"href":"https:\/\/gala.bde-insa-lyon.fr\/index.php?rest_route=\/wp\/v2\/pages\/2189\/revisions\/4404"}],"wp:attachment":[{"href":"https:\/\/gala.bde-insa-lyon.fr\/index.php?rest_route=%2Fwp%2Fv2%2Fmedia&parent=2189"}],"curies":[{"name":"wp","href":"https:\/\/api.w.org\/{rel}","templated":true}]}}